 = 11*u**2 + u + 1. Let g(b) = 2*b - 2. Let a be g(3). Suppose p - 3 = a*p + z, 3*p = -5*z - 3. What are the prime factors of t(p)?
11
Suppose 5*y + 5*n - 28 = n, -2*y = -4*n. Suppose -p - y*p + 16 = -z, -p = z - 2. What are the prime factors of p?
3
Suppose -4*p - 2*c + 24 = -c, 5*c - 10 = 2*p. Suppose p*t = 3 + 7. Suppose -52 = -5*r - 3*x, 0 = t*x - 5*x - 3. List the prime factors of r.
11
Let c = -21 - -21. Suppose 4*x + c*x - 152 = 0. What are the prime factors of x?
2, 19
Let n(g) be the first derivative of -g**3/3 - 3*g**2/2 - g - 2. Let t be n(-3). What are the prime factors of (t/(-2))/(4/56)?
7
Let f(v) = v**2 - 3*v - 4. Let c be f(-5). Let o be 4/(-22) - c/44. What are the prime factors of 1 + o + (-1 - -4)?
3
Let m(a) be the second derivative of a**4/12 + 2*a**3/3 - 7*a**2/2 + a. What are the prime factors of m(-7)?
2, 7
Suppose m + 2*t - 9 = 0, m = t - 5*t - 1. Suppose -45 + 13 = 4*d. Let u = d + m. List the prime factors of u.
11
Suppose -n + q + 3 = 0, 2*q + 6 = -2*n - 0*n. Suppose n*f + 9 = -i - 3*f, -4*i - 25 = f. Let j = i + 19. What are the prime factors of j?
13
Let h = -17 - -19. List the prime factors of h.
2
Let q = 0 + 2. Suppose -y = -q*y + 2. What are the prime factors of y/5*(6 - 1)?
2
Let t(c) = c**2 + c + 3. Let r be t(-3). Suppose -5*b + r + 46 = 0. What are the prime factors of b?
11
Suppose 0 = -m + 180 - 16. What are the prime factors of m?
2, 41
What are the prime factors of (14 - (0 - 0))*2?
2, 7
Suppose -2*s + 6 = -s. Let q(n) = n + 3. Let m be q(6). List the prime factors of (s/m)/((-2)/(-36)).
2, 3
Let c(g) = 6*g**2 - 2*g - 1. Suppose 6*k - 2*k = -t - 10, 3*t + k - 3 = 0. List the prime factors of c(t).
19
Let t be 44/(-7) - 2/(-7). What are the prime factors of (-6)/3*t/2?
2, 3
Suppose 3*l + 105 = 8*l. What are the prime factors of l?
3, 7
Let m = -5 - -5. Let l = m + 2. List the prime factors of l.
2
Suppose 4*w - 224 = -5*x + 6*w, 3*x = 3*w + 129. List the prime factors of x.
2, 23
Let c = 81 + -48. Let g = c + -19. What are the prime factors of g?
2, 7
Suppose 5*t - 3*t = -3*o + 10, 5*o = 3*t - 15. Let d be (-15)/(-4 + o + 3). Suppose -45 = -3*k + 5*u, -k + 0*u + d = 4*u. What are the prime factors of k?
3, 5
Let y(k) = -16*k - 25. List the prime factors of y(-5).
5, 11
Let x = -64 + 229. Suppose 4*b - x = -b. Suppose -b = -3*w - 0*w. What are the prime factors of w?
11
Let t(m) = -2*m + 9. Let c be t(8). Let b(x) = x + 28 + 0*x - 11. What are the prime factors of b(c)?
2, 5
Let d(g) = g**2 + 19*g - 7. Let a be d(-11). Let c = a - -66. Let z = -17 - c. List the prime factors of z.
2, 3
Suppose 2*a + 2*t + 22 = 0, a + 3*a - t + 44 = 0. Let z = -27 + 46. Let i = a + z. What are the prime factors of i?
2
Let c be 14/(-12) + 7/42. What are the prime factors of (15/(-9) - c)*-6?
2
Suppose 0*g = 6*g - 276. List the prime factors of g.
2, 23
Let b(h) = h. Let q(j) = -j + 9. Let c(l) = b(l) - q(l). What are the prime factors of c(6)?
3
Let m = -19 + 45. List the prime factors of m.
2, 13
Suppose 4*f = 5*f - 93. List the prime factors of f.
3, 31
Let m be 42*-1*(-3)/(-6). Let t = 35 + m. List the prime factors of t.
2, 7
Suppose -4*r - 3*b = 300, -5*b + 492 - 117 = -5*r. Let c = 17 + r. What are the prime factors of (-12)/(-16) + c/(-8)?
2
Suppose 4*x - 5*n - 50 = 0, 0*x = -3*x + 3*n + 39. Suppose 4*p + x = 9*p. List the prime factors of p.
3
Let d(r) = -r + 1. Let b(y) = -3*y + 10. Let t(h) = b(h) - 5*d(h). List the prime factors of t(4).
13
Suppose 3*l - 16 = -2*g, 4*l - 14 = 3*g - 4. Let s be (-5 - 1)*g/3. What are the prime factors of s/6 - (-40)/6?
2, 3
Suppose 32 = -2*f + 6*f. Suppose -n - 3*n + f = 0. List the prime factors of 15/n*(0 - -2).
3, 5
Suppose -3*h + 4*m + 154 = 0, 4*h + 4*m = 3*m + 180. List the prime factors of h.
2, 23
Let g(n) = 17*n + 2. Let o be g(2). Suppose 5*t + 2*v + 46 = -2*v, -4*t - 4*v - o = 0. Let i = -5 - t. What are the prime factors of i?
5
Let n(v) = -11*v + 17. Let m(z) = -4*z + 6. Let a(q) = 17*m(q) - 6*n(q). Let g be a(-1). Suppose 3*j = -g*i + 27, j + i + 14 = 2*j. List the prime factors of j.
11
Let p(y) = y**2 - 3*y + 2. Let r be p(1). Suppose r = -g - 2*w - 0 + 7, -3*g + 57 = -3*w. What are the prime factors of g?
3, 5
Let p be 2/(-3 - (-4)/1). Suppose 3*i = -p*i + 105. What are the prime factors of i?
3, 7
Suppose -4*o - t - 4 = 0, -o = -2*o - 4*t - 16. Let i(j) = -3*j**2 + 0*j + 2*j**2 + 12 - j. What are the prime factors of i(o)?
2, 3
Let o be (-6)/(-8) - 852/(-16). Suppose 22 + o = 4*v. What are the prime factors of v?
19
Let s(u) = u**3 + 4*u**2 + u + 2. Let p be s(-2). Let c = p - 4. What are the prime factors of c?
2
Let d(w) = w**2 + 8*w. Let r be d(-8). Let g = r - -7. List the prime factors of g.
7
Suppose t = -0*t + 25. List the prime factors of t.
5
Let v be 10*2/(-4)*-1. Let s = -24 + 27. Suppose v*x - k - 30 = 0, s*k = -k. List the prime factors of x.
2, 3
List the prime factors of (1 - 9/12) + 12951/36.
2, 3, 5
Let t(h) = 11*h**2 - 2*h - 1. What are the prime factors of t(-1)?
2, 3
Suppose 6 - 4 = -u. What are the prime factors of ((-87)/6)/(1/u)?
29
Let j(g) = 1. Let h(x) = 2*x**2 - 2*x - 6. Let p(q) = h(q) + 2*j(q). What are the prime factors of p(3)?
2
Let a(q) = q**3 + 8*q**2 - 8*q - 7. List the prime factors of a(-8).
3, 19
Let o = 138 - 42. List the prime factors of o.
2, 3
Let z = -2 - 0. What are the prime factors of (1 - -4)/(z/(-8))?
2, 5
Suppose 0 = -3*r + 3*h + 321, 12 = -0*h - 3*h. List the prime factors of r.
103
Suppose z - 5 = -0*z. Suppose -16 - 21 = -2*h - 5*m, -3*h + z*m + 68 = 0. List the prime factors of h.
3, 7
List the prime factors of ((-12)/(-15))/(1/5).
2
Let v be ((-12)/(-10))/(12/(-80)). Let g be v/6*15/1. What are the prime factors of ((-75)/g)/(2/8)?
3, 5
Let k(v) be the third derivative of -v**4/8 - v**3/2 - 2*v**2. Let s be k(-2). List the prime factors of (-5)/(s/6*-2).
5
Let p(u) = u**2 + 22. Let z be p(0). What are the prime factors of 8/(-20) + z/5?
2
Suppose -3*p + 6*p = 9, 0 = y + 2*p - 165. List the prime factors of y.
3, 53
Suppose -5*y = -c + 11, -8 - 49 = -2*c + 3*y. List the prime factors of c.
2, 3
Let u(r) be the third derivative of r**6/120 + 11*r**5/60 + 3*r**4/8 + r**3/3 - 3*r**2. List the prime factors of u(-10).
2, 3
Let t be (-3 + 3)*1/(-2). Let y(n) = n**2 + 3*n - 1. Let w be y(-5). Suppose -x = -t*x - w. What are the prime factors of x?
3
Let w(v) = 13*v - 1. What are the prime factors of w(3)?
2, 19
Let u(b) = 7*b + 5. What are the prime factors of u(4)?
3, 11
Let r be ((-30)/18)/(1/(-12)). Suppose 0 = -5*f + 65 + r. What are the prime factors of f?
17
Let k(h) = -h**2 + 33*h + 64. List the prime factors of k(30).
2, 7, 11
Let p(o) = -o - 3. Let h be p(-5). Suppose -4*b + h*b = -6. Suppose 0*c + 12 = b*c. List the prime factors of c.
2
Let g be (-2)/(-4)*(-2 + 4). Suppose 31 + g = -4*h. List the prime factors of 28/16 - 2/h.
2
Let w(s) = -19*s - 39. List the prime factors of w(-9).
2, 3, 11
Let m(h) = -h**3 - 9*h**2 + 10*h + 13. Let o = -2 - -3. Let u be ((-3)/(-6))/(o/(-20)). List the prime factors of m(u).
13
Let c(q) = 3*q - 2*q + 0*q - 8 - 3*q. List the prime factors of c(-6).
2
Let a = 39 - 8. List the prime factors of a.
31
Suppose 3*r + 2*r + 60 = 0. Let v = r + 42. List the prime factors of v.
2, 3, 5
Let f be 8*(-4)/(-4)*1. Let h(g) = 0*g**2 + 3*g - g - 11 + g**3 - 8*g**2. What are the prime factors of h(f)?
5
Let r(m) = -m**2 - m + 2. Let q be r(-2). List the prime factors of 17 + q/((-9)/3).
17
Suppose 2*o = 51 + 87. List the prime factors of o.
3, 23
What are the prime factors of (-4)/6 - (-238)/6?
3, 13
Let g be (-30)/6*2/(-5). Suppose 0 = -5*y - 5*c - 5, -g*y + 4*y + 3*c = -6. List the prime factors of y.
3
Suppose 0*w = -3*w. Let z be 19*1 - (-2 - w). Suppose -z = -2*y + d, -4 = -0*d + 4*d. What are the prime factors of y?
2, 5
Suppose -4*f = 4*m - 16, 3*m - 2*f - 10 = -6*f. Let o(k) = 20*k**2 - 5 - 3*k - 19*k**2 + 3*k - 3*k. List the prime factors of o(m).
13
What are the prime factors of ((-4)/(-8))/(4/280)?
5, 7
Suppose o - 5*r = 2 + 20, -o + r = -2. Let f = -5 - o. What are the prime factors of ((-12)/(-7))/(f/(-14))?
2, 3
Let i(w) = 7 + 7*w**2 - 6*w + 4*w**2 - 10*w**2. Let f be (-6 - -1)*6/(-5). List the prime factors of i(f).
7
Suppose 0 = 2*l - 17 - 15. Let z be l/(3 + 26/(-1